*n. What is k(-2)?
2
Suppose -3*y + y = -10. Suppose 0 = 3*w - 4*s + 5*s + 11, -3 = 2*w + y*s. Let f(t) = t**3 + 3*t**2 - 5*t. Determine f(w).
4
Let t(x) be the first derivative of x**6/360 - x**5/120 - 4*x**3/3 - 4. Let l(c) be the third derivative of t(c). What is l(-2)?
6
Let q(b) = b. Let u(d) = d**3 - 6*d**2 - 8*d + 9. Let s be u(7). Suppose s = -i - k + 1, -k + 2 = 2*i. What is q(i)?
3
Let j(w) = -w**3 + 5*w**2 - 5*w - 2. Suppose 30 = -2*r + 4*r. Suppose 0 = -i - 2*i - a + r, -5*a = -2*i - 7. Calculate j(i).
-6
Let u(m) be the second derivative of -m**5/4 - m**2/2 - m. Let p(g) = g**3 - 2*g**2 - 3*g - 3. Let o be p(3). Let w = o - -2. Calculate u(w).
4
Let z(w) = -3*w**2 + 6*w + 6. Let v(b) = 16*b**2 - 30*b - 29. Let t(a) = -2*v(a) - 11*z(a). Calculate t(7).
-1
Let s(u) = 5*u**2 + 7*u + 6. Let l(z) = -14*z**2 - 20*z - 17. Let i(q) = -6*l(q) - 17*s(q). Calculate i(3).
-6
Let x(s) = 0 - 3*s**3 - 3 + 2*s**3 - 28*s**2 + 5*s + 32*s**2. Determine x(5).
-3
Let r(g) = -g**2 + 5*g + 5. Suppose h - 6 = -0*h. Let j be r(h). Let y(w) = -13*w**3 + w**2 - 1. Calculate y(j).
13
Let i(n) = -n**3 + 6*n**2 - 6. Let x(d) = d**2 + 9*d - 4. Let u be x(-10). Let c be i(u). Let a(b) = -2*b - 6. Calculate a(c).
6
Let m(h) = -h - 1. Let s = 7 - 6. Let l = s - -3. Suppose l*c - 4 = -0, 0 = -4*g + c - 21. Give m(g).
4
Let b(s) = -2*s**3 + 18*s**2 - 16*s - 5. Let k(i) = -i**3 + 9*i**2 - 8*i - 3. Let f(z) = 2*b(z) - 5*k(z). What is f(8)?
5
Let x(v) = -v + 7. Suppose -12*f = -17*f - 30. Calculate x(f).
13
Let c(r) = r**3 - 3*r**2 - r - 2. Let o(z) = 4*z**2 - 2*z - 3. Let m be o(-1). Determine c(m).
-5
Let s = -50 + 48. Let a(k) = -k. Give a(s).
2
Let j(o) be the second derivative of o**5/20 + 5*o**4/12 + 7*o**3/6 + 3*o**2 + 10*o. What is j(-4)?
-6
Let o(y) = -7*y + 1. Let r(v) = -v**2 + 18*v + 1. Let t be r(18). Determine o(t).
-6
Let z = 16 + -8. Let q = z - 4. Suppose 0 = 5*k - 4*m - 30, -5*m = -q*k + 12 + 12. Let j(v) = -v**2 + 9*v - 9. Give j(k).
9
Suppose 5*d + 29 = -3*b, 3*d - 2*b = b - 3. Let n(j) = -j - 5. Let u be n(d). Let v(a) = 6*a. Calculate v(u).
-6
Let b = 0 - -5. Let r(g) = 5 - b + g. What is r(-2)?
-2
Let k be 1*(-2 + 3/(-1)). Let y(w) = 2*w + 2. What is y(k)?
-8
Let w(q) = q**3 - q**2 - q - 2. Let f = 2 - -12. Let o be (-8)/28 + 32/f. Calculate w(o).
0
Suppose -5*o - 15 = 0, -o - 4*o - 12 = k. Suppose -4 = -5*m + 6. Let q(w) = 3*w**3 - 3*w**m + 3*w - 2*w**3 - 5*w + 3*w - 4. What is q(k)?
-1
Let q(m) be the second derivative of m**3/2 - m**2/2 + 18*m. Determine q(1).
2
Suppose -5*n = 3*v, 0 = -v + 2*n - 0*n. Suppose 2*d - 8 = -v*d. Let l(h) = 1. Let q(x) = 2*x. Let y(u) = -2*l(u) + q(u). Determine y(d).
6
Let x(k) be the first derivative of k**6/360 + k**5/15 + k**4/6 + k**3/3 + 1. Let c(z) be the third derivative of x(z). Suppose 24 = -5*p - 6. Calculate c(p).
-8
Let c(s) = s**2 + 5*s. Let w(q) be the second derivative of -q**4/12 + q**3 + q**2/2 + 2*q. Let u be w(7). Give c(u).
6
Let b be (1 + -3 - 0)*-2. Let s(f) be the second derivative of f**6/720 - 7*f**5/120 - f**4/12 + 3*f. Let w(j) be the third derivative of s(j). Determine w(b).
-3
Let d be 10/6 - 1/(-3). Suppose 2*p + 0 = -d. Let x(l) = -7*l - 1. What is x(p)?
6
Let n(h) be the third derivative of h**6/120 + h**5/30 - h**4/6 - 2*h**3/3 + h**2. Suppose -3*m + 18 = -0*m. Suppose -9 = 5*u + m. Give n(u).
-1
Let p be (-2)/(-2) - 1/(-1). Let m(q) = 3*q - q**3 + 4 + q**3 - p*q + q**3 - 3*q**2. Give m(3).
7
Let j = 65 - 63. Let i(x) = x**3 - 2*x**2 - x + 2. Calculate i(j).
0
Let h(r) = r. Let t = -7 + 9. Let q(u) = u**2 + u - 2. Let k be q(t). Let d be h(k). Let i(c) = c**3 - 5*c**2 + 3*c + 5. Calculate i(d).
1
Let p(q) be the first derivative of 2*q - 1/2*q**2 - 1/3*q**3 - 3. Calculate p(0).
2
Let f(b) = -4*b**2 - b**2 + 6*b**2 - 7 - 4*b. What is f(7)?
14
Suppose -3*o + 57 = 4*c, 3*o - 33 = -0*o + 4*c. Let j = -9 + o. Suppose -j*q + 2*g = -q - 29, 10 = -5*g. Let v(w) = w**3 - 5*w**2 - 3*w + 3. Determine v(q).
-12
Let t = 1 - 1. Let x(y) = -y**2 - 1. Let q(j) = -3*j**2 - 5. Let g(b) = -q(b) + 2*x(b). Determine g(t).
3
Let s(l) = 3 - 1 - 1 - 5 + 4*l. Determine s(4).
12
Let z be (-364)/(-35) + 4/(-10). Let t = z + -10. Let l(q) = -q**3 - q**2 + 1. Determine l(t).
1
Let v(u) = 2*u - 1 + 3 + 0*u. Let h be v(-4). Let j(w) = -w**3 - 6*w**2 + w - 5. Calculate j(h).
-11
Suppose 5*d = c - 0*d - 5, 0 = -5*c + 4*d + 4. Suppose -2*o + o = c. Let f(u) = -u - 2. Determine f(o).
-2
Suppose -3*a = 0, -4*g - 3*a + 4 = -0*a. Let r(b) = -3*b**2 + 2*b - 1. Give r(g).
-2
Suppose -10*i = -9*i + 2. Let y(o) = o**2 + 3*o + 1. Give y(i).
-1
Let u(k) be the first derivative of k**4/4 + 5*k**3/3 - 3*k**2 + k + 11. Calculate u(-6).
1
Let j(w) = 5*w**2 - 3*w + 2. Let x(u) = -u**2 + u. Let v(d) = 1. Let k(y) = v(y) - x(y). Let h(p) = j(p) - 4*k(p). Determine h(-2).
0
Suppose -2*z = -c + 7 + 1, 0 = z + 3. Suppose 2 = c*b - 0. Let k(h) = -6*h**2 + 2*h - 1. Determine k(b).
-5
Suppose 5*c = 2*m + 15, 5*m = m + 2*c - 6. Suppose m = -2*w + 4 - 0. Let f(u) = w*u**2 - 2*u**2 - 8*u**2 + 1. What is f(-1)?
-7
Let g(v) = v**2 - 6*v - 3. Let t(b) = b + 1. Let n(h) = -g(h) - t(h). Give n(6).
-4
Let d(a) = a**2 - 8*a. Suppose -9*o = -14*o + 40. What is d(o)?
0
Suppose -9 = u - 4*u. Let g(y) = -1 + 4*y**2 + 3 - u + 2*y. Let s = -19 + 20. Determine g(s).
5
Let p(x) be the third derivative of -x**5/30 + 2*x**2. Let r be (-2 - -2) + -2 + 3. What is p(r)?
-2
Let f(j) = -3*j + 3. Let m(k) = k - 1. Let w(r) = 6*f(r) + 15*m(r). Calculate w(2).
-3
Let l(n) = -9*n**2 + 17*n + 13. Let w(g) = 5*g**2 - 9*g - 7. Let m(j) = -6*l(j) - 11*w(j). Give m(-4).
-5
Let d(t) = t**2 + 6*t - 6. Let l be d(-6). Let j be 142/8 - 5/(-20). Let p(k) = 0*k + j - 5*k - k**2 - 17. Calculate p(l).
-5
Let y = -164 - -1969/12. Let f(a) be the third derivative of 0*a + a**3 - y*a**5 + 0 + 1/24*a**4 - a**2 + 1/120*a**6. What is f(5)?
11
Let z(j) = -j**2 - 7*j + 2. Let h be z(-7). Let q(f) be the second derivative of -5/2*f**h - 2*f + 1/2*f**3 + 0. Calculate q(4).
7
Let w = 9 - 5. Let p(l) = -w - l - 2*l + 0*l + l. Give p(-5).
6
Let p = 5 + 0. Let n = p - 8. Let o(y) = 1 - 1 + 3*y. Determine o(n).
-9
Let h be (-2)/8 - (-63)/12. Let w(l) = 2 + 2*l - 1 + h*l**2 - 2*l**2 - 4*l**2. Give w(3).
-2
Let p(j) = j**3 - j**2 - 2*j - 1. Let m = 9 - 3. Let y(u) = -5 + 3 - m + u. Let v be y(7). Give p(v).
-1
Let c(u) = u**3 - 4*u**2 - 10*u + 4. Let g(q) = -q + 1. Let y(j) = c(j) - 5*g(j). Let s be (-75)/(-10)*(-2)/(-3). Calculate y(s).
-1
Let d = 49 + -52. Let w(s) = s**2 - s - 3. What is w(d)?
9
Let b(d) be the second derivative of -d**3/6 + d**2/2 + 2*d. Suppose 4*l = -l + 10. Let f = -1 - l. Determine b(f).
4
Let j(l) = -5*l**2 + 2*l + 1. Let z(v) = v + 6. Let o be z(-7). Let x be j(o). Let s(h) = -h**3 - 6*h**2 + 1. What is s(x)?
1
Let m = 59 - 353/6. Let o(p) be the second derivative of m*p**3 + p + 0 - p**2. Determine o(-5).
-7
Let g be (4/(-2))/(10/(-30)). Let i(a) = a**2 + 3*a**3 - 2 - 5 + g. Let m(n) = n**3 - 7*n**2 + 6*n + 1. Let h be m(6). Give i(h).
3
Let w = 94 + -95. Let h(j) = 6*j - 5*j + 6*j. Determine h(w).
-7
Let s(j) = j**3 - 3*j - j - j + 5*j**2 - j - 6. Give s(-6).
-6
Let c(a) = -4*a - 2. Let k be c(-1). Let p(f) = 4*f**2 - 4*f + 2. What is p(k)?
10
Let j(n) = n**2 + 6*n. Let t be j(-6). Let b = 3 - t. Let a(u) = u**3 - 3*u**2 - 3*u + 2. Calculate a(b).
-7
Let i be (-6)/12*(-1 + 1). Let r(x) = -x - 3 + i + 7. What is r(3)?
1
Let r(l) = 4*l**3 - 3*l - 3*l**3 - 3 - 2*l**2 - 3*l + 7. Determine r(4).
12
Let d(x) = x + 20. Let i(l) = 3. Let t(w) = -3*d(w) + 21*i(w). Suppose 0 = -5*y - 4 + 19. Suppose -y*q + q + 4 = 0. Determine t(q).
-3
Let k(c) be the third derivative of c**6/120 - c**5/15 + c**3/2 + 17*c**2. Give k(3).
-6
Let m(p) be the second derivative of 2*p - 1/2*p**3 - 1/20*p**5 + 1/2*p**2 + 0 + 1/4*p**4. Give m(2).
-1
Let p(m) = 8*m - 6*m + 4*m - 7 - 5*m. Let f = 6 - 11. Let b = -2 - f. Give p(b).
-4
Let t(m) be the second derivative of m**2 + 1/6*m**3 + 2*m + 0. Give t(-3).
-1
Let a = -4 + 4. Let b be a - (-4)/(-4)*-2. Let o(m) = m - 1. Calculate o(b).
1
Let g(j) = j**2 + 3*j - 3. Let p be 9/21 + (-25)/(-7). Suppose h = p*k - 0*h + 16, -3*h - 8 = 2*k. What is g(k)?
1
Suppose 0 = 4*w + 4*l - 52, -4*w + 0*l - l = -37. Suppose 2*n - w = 2. Suppose -t - 1 = -4*o + 14